{"id":526,"date":"2012-10-19T22:55:51","date_gmt":"2012-10-19T22:55:51","guid":{"rendered":"http:\/\/www.dup.candelilla.org\/cms\/?page_id=526"},"modified":"2014-01-23T15:36:55","modified_gmt":"2014-01-23T21:36:55","slug":"references","status":"publish","type":"page","link":"https:\/\/dup.candelilla.org\/?page_id=526","title":{"rendered":"References"},"content":{"rendered":"<p style=\"text-align: justify; color:#000;\">Zuccarini, J. G.,\u00a0<em>Description of Euphorbia Antisiphylitica Zuccar<\/em>, Adhandlungen der Mathematisch-Physikalischen Classe der Koeniglish Bayerischen Akademie der Wissenschaften, Vol. 1, Fasc. 1, Munich, Deutschland (1832).<\/p>\r\n\r\n<p style=\"text-align: justify; color:#000;\">Alcocer G., Sanders J. M.,<em>\u00a0Euphorbia Cer\u00edfera<\/em>, Anales del Instituto M\u00e9dico Nacional. M\u00e9xico (1910).<\/p>\r\n\r\n<p style=\"text-align: justify; color:#000;\">Garc\u00eda, C. M.,\u00a0<em>Estudio Econ\u00f3mico-Comercial de la Candelilla<\/em>, DAPP, M\u00e9xico D.F. (1939).<\/p>\r\n\r\n<p style=\"text-align: justify; color:#000;\">Whitaker, J. R.,\u00a0<em>Wax from the Wilderness<\/em>, Nature Magazine, November (1941).<\/p>\r\n\r\n<p style=\"text-align: justify; color:#000;\">Alarc\u00f3n, M. A.,\u00a0<em>La Candelilla, su Explotaci\u00f3n, Industrializaci\u00f3n e Importancia Econ\u00f3mica en el Estado de Chihuahua<\/em>, Tesis profesional-UACH Universidad Aut\u00f3noma de Chapingo, M\u00e9xico (1945).<\/p>\r\n\r\n<p style=\"text-align: justify; color:#000;\">Ramos, H. A.,\u00a0<em>Estudio Agron\u00f3mico de la Producci\u00f3n de Cera de Candelilla en M\u00e9xico<\/em>, Tesis profesional-ESAAN Universidad de Coahuila, M\u00e9xico (1954).<\/p>\r\n\r\n<p style=\"text-align: justify; color:#000;\">Warth, A. H.,\u00a0<em>The Chemistry and Technology of Waxes<\/em>, 2<sup>nd<\/sup>\u00a0Edition, Reinhold Publishing Corporation, New York USA (1956).<\/p>\r\n\r\n<p style=\"text-align: justify; color:#000;\">De la Cruz, C. J. A.,\u00a0<em>Contribuci\u00f3n al Estudio de la Candelilla<\/em>, Tesis profesional-ESAAN Universidad de Coahuila, M\u00e9xico (1958).<\/p>\r\n\r\n<p style=\"text-align: justify; color:#000;\">Padilla, F. G.,\u00a0<em>Determinaci\u00f3n del Contenido de Cera en Plantas de Candelilla (Euphorbia) de las Seis Zonas Productoras del Norte de M\u00e9xico<\/em>, Tesis profesional-ESAAN Universidad de Coahuila, M\u00e9xico (1959).<\/p>\r\n\r\n<p style=\"text-align: justify; color:#000;\">Espinoza, M. A.,\u00a0<em>Estudio Agron\u00f3mico y Socioecon\u00f3mico de la Candelilla (Euphorbia Antisyphilitica) en el Norte de M\u00e9xico<\/em>, Tesis profesional-ITESM Monterrey, M\u00e9xico (1962).<\/p>\r\n\r\n<p style=\"text-align: justify; color:#000;\">Marroqu\u00edn, J. S., Borja, G., Vel\u00e1squez, R., de la Cruz, J.,\u00a0<em>Estudio Ecol\u00f3gico Dason\u00f3mico de las Zonas Aridas del Norte de M\u00e9xico<\/em>, INIF, M\u00e9xico D.F. (1964).<\/p>\r\n\r\n<p style=\"text-align: justify; color:#000;\">Siade, G.,\u00a0<em>Procedimiento Mejorado para la Refinaci\u00f3n de Cera de Candelilla<\/em>, Patente Mexicana # CI 2135, Consejo Nacional de Ciencia y Tecnolog\u00eda\/Comisi\u00f3n Nacional de las Zonas Aridas, M\u00e9xico D.F. (1973).\r\n\r\n<p style=\"text-align: justify; color:#000;\">Bennett, H.,\u00a0<em>Industrial Waxes: Natural &amp; Synthetic Waxes, Compounded Waxes &amp; Technology<\/em>, Vol.1- 2, Chemical Publishing Company, New York USA (1975).<\/p>\r\n\r\n<p style=\"text-align: justify; color:#000;\">Brotz, W., Hornik, M.,\u00a0<em>Procedimiento Mejorado para la Obtenci\u00f3n de Cera de Candelilla Desresinificada<\/em>, Patente Mexicana # C 1516, Hoechst A.G., Frankfurt, Alemania (1975).<\/p>\r\n\r\n<p style=\"text-align: justify; color:#000;\">M\u00e1rquez, L. C., Capella, S.,\u00a0<em>Estudio de la Cera de Candelilla como L\u00edquido de Partici\u00f3n para Cromatograf\u00eda Fase Vapor<\/em>, Vol. 21 (2), Revista Sociedad Qu\u00edmica de M\u00e9xico, Marzo-Abril (1977).<\/p>\r\n\r\n<p style=\"text-align: justify; color:#000;\">Esquivel, W. M.,\u00a0<em>Estudio Monogr\u00e1fico de Euphorbia Antisyphilitica<\/em>, Tesis Profesional-UANL San Nicol\u00e1s de los Garza, M\u00e9xico (1979).<\/p>\r\n\r\n<p style=\"text-align: justify; color:#000;\">Maldonado, A. L.,\u00a0<em>La Investigaci\u00f3n desarrollada sobre la Cera de Candelilla<\/em>, Ciencia Forestal No. 18, INIF, (1979).<\/p>\r\n\r\n<p style=\"text-align: justify; color:#000;\">Mathus, M. G.,\u00a0<em>Aprovechamiento de la Cera de Candelilla en M\u00e9xico<\/em>, Primera Reuni\u00f3n Nacional sobre la Ecolog\u00eda, Manejo y Domesticaci\u00f3n de Plantas Utiles del Desierto, INIF, SARH, Monterrey, M\u00e9xico (1980).<\/p>\r\n\r\n<p style=\"text-align: justify; color:#000;\">Musalem, L. F., Reyes, R. J., Mahtus, M. G.,\u00a0<em>Candelilla: Documento de Trabajo y An\u00e1lisis<\/em>, Primera Reuni\u00f3n Nacional sobre la Ecolog\u00eda, Manejo y Domesticaci\u00f3n de Plantas Utiles del Desierto, INIF, SARH, Monterrey, M\u00e9xico (1980).<\/p>\r\n\r\n<p style=\"text-align: justify; color:#000;\">Campos, L. E.,\u00a0<em>Candelilla<\/em>, Centro de Investigaci\u00f3n en Qu\u00edmica Aplicada-Saltillo, M\u00e9xico (1981).<\/p>\r\n\r\n<p style=\"text-align: justify; color:#000;\">Tunnel, C., Wax, Men, and Money: A Historical and Archeological Study of Candelilla Wax Camps along the Rio Grande Border of Texas, Office of the State Archeological Report 32, Texas Historical Commission, Austin USA (1981).<\/p>\r\n\r\n<p style=\"text-align: justify; color:#000;\">U.S. Bureau of Foods,\u00a0<em>Evaluation of the Health Aspects of Candelilla Wax as Food Ingredient<\/em>, Contract No. FDA 223-78-2100, Food and Drug Administration, Department of Health and Human Services, Washington D.C. USA (1981).<\/p>\r\n\r\n<p style=\"text-align: justify; color:#000;\">Villa-Salas, B. A.,\u00a0<em>Investigaci\u00f3n sobre Candelilla<\/em>, Ciencia Forestal INI. No. 32, M\u00e9xico (1981).<\/p>\r\n\r\n<p style=\"text-align: justify; color:#000;\">Departamento de Comercio de E.U.A., Area de Empadronamiento,\u00a0<em>Estudio de Mercado de Cera de Candelilla en E. U. A.<\/em>, Consejer\u00eda Comercial Chicago E.U.A., Enero (1985).<\/p>\r\n\r\n<p style=\"text-align: justify; color:#000;\">Nieto. R. R.,\u00a0<em>La Candelilla (Euphorbia Antisyphilitica). Implicaciones sobre su Domesticaci\u00f3n y Mejoramiento Gen\u00e9tico<\/em>, Monograf\u00eda-UAAAN Saltillo, M\u00e9xico (1987).<\/p>\r\n\r\n<p style=\"text-align: justify; color:#000;\">Camacho, M.,\u00a0<em>An\u00e1lisis Dimensional en Candelilla en el C.E.F. La Suceda Ramos Arizpe Coahuila<\/em>, Tesis Profesional-UAAAN Saltillo, M\u00e9xico (1990).<\/p>\r\n\r\n<p style=\"text-align: justify; color:#000;\">Tovar, F. J.,\u00a0<em>Efecto del Almacenamiento y Epoca de Aprovechamiento de la Candelilla<\/em>\u00a0(Euphorbia Antisyphilitica) en la Producci\u00f3n de Cera, UAAAN Saltillo, M\u00e9xico (1991).<\/p>\r\n\r\n<p style=\"text-align: justify; color:#000;\">Angulo, J. L., Valverde V.,\u00a0<em>Evaluaci\u00f3n de las Propiedades Lubricantes de la cera de Candelilla en Sistemas Pl\u00e1sticos PVC\/Cera<\/em>, Tesis de Maestr\u00eda-Universidad Aut\u00f3noma de Coahuila, M\u00e9xico (1995).<\/p>\r\n\r\n<p style=\"text-align: justify; color:#000;\">Flores, C.,\u00a0<em>Viabilidad de Semillas, Emergencia de Pl\u00e1ntulas y Plantaciones de Candelilla en Ramos Arizpe Coahuila<\/em>, Tesis Profesional-UAAAN Saltillo, M\u00e9xico (1995).<\/p>\r\n\r\n<p style=\"text-align: justify; color:#000;\">Hamilton, R. J.,\u00a0<em>Waxes: Chemistry, Molecular Biology And Functions<\/em>, Vol. 6, The Oily Press (1995).<\/p>\r\n\r\n<p style=\"text-align: justify; color:#000;\">De Guzman, D.,\u00a0<em>Candelilla Wax Market Still Plagued by Production Costs,\u00a0<\/em>Chemical Market Reporter-Oils<em>, Fats &amp; Waxes<\/em>, November 25 (2002).<\/p>\r\n\r\n<p style=\"text-align: justify; color:#000;\">Esparza, H.,\u00a0<em>La Vida en el Desierto: Ocampo Candelillero<\/em>, Revista Nom\u00e1dica No. 5, Torre\u00f3n, M\u00e9xico, Enero-Febrero (2003).<\/p>\r\n\r\n<p style=\"text-align: justify; color:#000;\">Valera, M. R.,\u00a0<em>Aprovechamiento de la Candelilla en el Estado de Coahuila<\/em>, Revista Hipat\u00eda de Alejandr\u00eda No. 4, Saltillo, M\u00e9xico, Marzo (2004).<\/p>\r\n\r\n<p style=\"text-align: justify; color:#000;\">Alvarez, R., Lorusso, N.,\u00a0<em>La Candelilla: Recurso del Desierto Chihuahuense<\/em>, Revista Pronatura No. 5, M\u00e9xico D.F., Abril-Mayo (2004).<\/p>\r\n\r\n<script>\r\n  (function(i,s,o,g,r,a,m){i['GoogleAnalyticsObject']=r;i[r]=i[r]||function(){\r\n  (i[r].q=i[r].q||[]).push(arguments)},i[r].l=1*new Date();a=s.createElement(o),\r\n  m=s.getElementsByTagName(o)[0];a.async=1;a.src=g;m.parentNode.insertBefore(a,m)\r\n  })(window,document,'script','\/\/www.google-analytics.com\/analytics.js','ga');\r\n\r\n  ga('create', 'UA-47223677-1', 'dup.candelilla.org');\r\n  ga('send', 'pageview');\r\n\r\n<\/script>","protected":false},"excerpt":{"rendered":"<p>Zuccarini, J. G.,\u00a0Description of Euphorbia Antisiphylitica Zuccar, Adhandlungen der Mathematisch-Physikalischen Classe der Koeniglish Bayerischen Akademie der Wissenschaften, Vol. 1, Fasc. 1, Munich, Deutschland (1832). Alcocer G., Sanders J. M.,\u00a0Euphorbia Cer\u00edfera, Anales del Instituto M\u00e9dico Nacional. M\u00e9xico (1910). Garc\u00eda, C. M.,\u00a0Estudio Econ\u00f3mico-Comercial de la Candelilla, DAPP, M\u00e9xico D.F. (1939). Whitaker, J. R.,\u00a0Wax from the Wilderness, Nature&nbsp;<a href=\"https:\/\/dup.candelilla.org\/?page_id=526\" class=\"read-more\">Continue Reading<\/a><\/p>\n","protected":false},"author":1,"featured_media":0,"parent":2,"menu_order":0,"comment_status":"open","ping_status":"open","template":"","meta":{"footnotes":""},"class_list":["post-526","page","type-page","status-publish","hentry"],"_links":{"self":[{"href":"https:\/\/dup.candelilla.org\/index.php?rest_route=\/wp\/v2\/pages\/526"}],"collection":[{"href":"https:\/\/dup.candelilla.org\/index.php?rest_route=\/wp\/v2\/pages"}],"about":[{"href":"https:\/\/dup.candelilla.org\/index.php?rest_route=\/wp\/v2\/types\/page"}],"author":[{"embeddable":true,"href":"https:\/\/dup.candelilla.org\/index.php?rest_route=\/wp\/v2\/users\/1"}],"replies":[{"embeddable":true,"href":"https:\/\/dup.candelilla.org\/index.php?rest_route=%2Fwp%2Fv2%2Fcomments&post=526"}],"version-history":[{"count":9,"href":"https:\/\/dup.candelilla.org\/index.php?rest_route=\/wp\/v2\/pages\/526\/revisions"}],"predecessor-version":[{"id":738,"href":"https:\/\/dup.candelilla.org\/index.php?rest_route=\/wp\/v2\/pages\/526\/revisions\/738"}],"up":[{"embeddable":true,"href":"https:\/\/dup.candelilla.org\/index.php?rest_route=\/wp\/v2\/pages\/2"}],"wp:attachment":[{"href":"https:\/\/dup.candelilla.org\/index.php?rest_route=%2Fwp%2Fv2%2Fmedia&parent=526"}],"curies":[{"name":"wp","href":"https:\/\/api.w.org\/{rel}","templated":true}]}}